r?
True
Is 1331023 composite?
False
Is 91367117 prime?
True
Is 6990403 prime?
False
Is 5003879 prime?
False
Is 5648599 composite?
True
Is 83110361 prime?
True
Is 933479 a composite number?
False
Is 59794711 a composite number?
False
Is 60906239 prime?
True
Is 576409 composite?
True
Is 47854357 a prime number?
False
Is 25028891 a composite number?
False
Is 65393777 composite?
False
Is 45755833 prime?
False
Is 1531367 prime?
True
Is 126859553 a composite number?
False
Is 3794027 composite?
True
Is 393340973 a prime number?
True
Is 7743259 a composite number?
True
Is 6790523 a prime number?
True
Is 2353817 composite?
False
Is 4355057 a prime number?
False
Is 344144947 composite?
False
Is 932641 composite?
True
Is 49653237 composite?
True
Is 249296969 composite?
False
Is 1021252007 a prime number?
True
Is 176010767 prime?
True
Is 84358007 a composite number?
False
Is 18309457 prime?
True
Is 1822063 composite?
False
Is 165986789 a composite number?
False
Is 592289 prime?
True
Is 477394193 a composite number?
True
Is 5096737 a composite number?
False
Is 132321169 a composite number?
False
Is 1853551 a prime number?
False
Is 9121039 composite?
True
Is 55477943 a prime number?
False
Is 90168757 a prime number?
False
Is 55902563 composite?
False
Is 46512103 composite?
True
Is 3876918871 prime?
False
Is 141346409 a composite number?
False
Is 199796449 a prime number?
False
Is 95177 a composite number?
False
Is 2262797 composite?
True
Is 134349227 prime?
True
Is 351627583 a composite number?
False
Is 415921 prime?
False
Is 77759831 a composite number?
True
Is 4106881 composite?
True
Is 740307 composite?
True
Is 31643039 composite?
True
Is 51682003 a prime number?
False
Is 18294713 prime?
True
Is 19700783 composite?
True
Is 16838819 a prime number?
True
Is 44445031 prime?
True
Is 675591779 prime?
True
Is 4308751 a composite number?
True
Is 17730479 prime?
False
Is 433543517 a prime number?
False
Is 245670727 prime?
True
Is 9888661 a composite number?
False
Is 3885221 composite?
False
Is 46076839 prime?
True
Is 206818393 prime?
True
Is 5728193 a composite number?
True
Is 45671 a composite number?
True
Is 188193 composite?
True
Is 546874793 prime?
True
Is 36137953 a composite number?
False
Is 216051431 composite?
True
Is 18073051 composite?
True
Is 1157941 a composite number?
True
Is 407999 composite?
True
Is 2366627 a composite number?
False
Is 4580119 a prime number?
False
Is 72835261 composite?
True
Is 12971641 prime?
True
Is 16813507 a prime number?
True
Is 1986407 a prime number?
False
Is 158513 a composite number?
True
Is 1327907 prime?
False
Is 54046462 composite?
True
Is 295663 composite?
False
Is 45344251 a composite number?
False
Is 30521 prime?
False
Is 20859159 prime?
False
Is 1941551 a composite number?
True
Is 252517861 a composite number?
True
Is 5852653 composite?
False
Is 19473191 a composite number?
False
Is 922423 a prime number?
True
Is 2533501 composite?
True
Is 1262741 a prime number?
True
Is 96615821 prime?
False
Is 1935743 composite?
False
Is 3648781 composite?
False
Is 85781 a composite number?
False
Is 3687071 prime?
True
Is 85015807 a composite number?
True
Is 3419921 prime?
True
Is 304011479 prime?
True
Is 11198073 a composite number?
True
Is 2959871 a composite number?
True
Is 100854133 composite?
False
Is 130643 prime?
True
Is 2899547 a prime number?
False
Is 21663611 a composite number?
True
Is 626441 prime?
False
Is 129534683 prime?
True
Is 6798049 composite?
False
Is 16456259 a prime number?
True
Is 21548783 a composite number?
True
Is 9271558 prime?
False
Is 13083673 a prime number?
True
Is 506787341 a prime number?
True
Is 141366871 composite?
False
Is 43825997 prime?
False
Is 128831765 composite?
True
Is 88185067 a composite number?
True
Is 124068995 a composite number?
True
Is 160269371 a composite number?
False
Is 148040213 composite?
True
Is 1049411 a prime number?
False
Is 62188781 a prime number?
True
Is 7575701 composite?
True
Is 5426453 a prime number?
True
Is 326186747 a prime number?
True
Is 33444673 composite?
True
Is 1613663 a composite number?
True
Is 37855931 prime?
False
Is 7802621 a composite number?
False
Is 14987611 prime?
False
Is 2368591 prime?
False
Is 21957139 a prime number?
True
Is 2552623 a composite number?
False
Is 52474169 a composite number?
True
Is 5856953 a prime number?
False
Is 91836259 a composite number?
False
Is 1941379 a prime number?
False
Is 1037181377 a prime number?
True
Is 7407493 a prime number?
True
Is 6461869 a composite number?
False
Is 117182597 prime?
False
Is 81810871 a composite number?
False
Is 39882499 composite?
False
Is 83626457 a composite number?
True
Is 3186431 a prime number?
False
Is 1872758 a prime number?
False
Is 3524197 a composite number?
False
Is 27194269 a composite number?
False
Is 82500245 composite?
True
Is 2472499 a composite number?
True
Is 70103707 a composite number?
False
Is 6969839 a prime number?
True
Is 2339099 a prime number?
False
Is 50873729 prime?
True
Is 1295831 prime?
False
Is 14834843 a composite number?
False
Is 1000709 prime?
False
Is 562333 prime?
True
Is 5156335 prime?
False
Is 4641899 a prime number?
False
Is 87253661 a composite number?
True
Is 29241799 composite?
False
Is 33884437 a prime number?
False
Is 15369961 a prime number?
False
Is 21505423 a prime number?
False
Is 110221 a prime number?
True
Is 92520511 prime?
False
Is 48262909 a prime number?
True
Is 1116006451 composite?
True
Is 37918861 a prime number?
False
Is 9953519 a composite number?
True
Is 168527 a prime number?
True
Is 1548847 a composite number?
False
Is 273433 composite?
False
Is 136387067 a prime number?
False
Is 267787 prime?
False
Is 23073553 composite?
True
Is 476912053 composite?
False
Is 35182919 a prime number?
True
Is 994507 composite?
True
Is 5103923 prime?
False
Is 151627 a composite number?
True
Is 26341811 a prime number?
False
Is 81338261 prime?
True
Is 312839 a prime number?
True
Is 2828681 composite?
True
Is 12127249 a composite number?
True
Is 539177 a prime number?
False
Is 106667 a prime number?
False
Is 7269929 prime?
True
Is 31561279 composite?
True
Is 33506857 composite?
False
Is 277185041 prime?
False
Is 489983 composite?
True
Is 47588699 a composite number?
True
Is 30786241 a prime number?
True
Is 54232019 a prime number?
False
Is 94579471 a composite number?
True
Is 52653551 a composite number?
False
Is 42012637 a composite number?
False
Is 109566983 a composite number?
True
Is 1806397 prime?
False
Is 18498763 a prime number?
True
Is 15891569 composite?
True
Is 5241143 a prime number?
True
Is 13584891 a composite number?
True
Is 585251 composite?
False
Is 13149157 prime?
False
Is 2741201 a prime number?
True
Is 11575502 composite?
True
Is 27797089 a composite number?
True
Is 979351 composite?
True
Is 17084203 prime?
True
Is 1210913 a prime number?
False
Is 77123119 a composite number?
True
Is 19090922 a prime number?
False
Is 2373619 a composite number?
True
Is 22626349 prime?
True
Is 820384109 prime?
False
Is 3131753 composite?
True
Is 97218521 a prime number?
False
Is 36878789 prime?
True
Is 9171229 composite?
False
Is 43732349 a prime number?
True
Is 31440049 a composite number?
False
Is 1208209 prime?
True
Is 152107 a composite number?
True
Is 2346613 prime?
False
Is 176838521 prime?
True
Is 5566193 prime?
False
Is 311030891 composite?
False
Is 1089537 a prime number?
False
Is 49143563 a composite number?
True
Is 21578659 a prime number?
False
Is 1139227 a prime number?
True
Is 22910963 a composite number?
False
Is 1974977 prime?
False
Is 698521 composite?
False
Is 71766917 composite?
False
Is 105407671 a composite number?
False
Is 2030573 prime?
True
Is 38949277 prime?
True
Is 3764843 prime?
True
Is 3836089 a prime number?
False
Is 154326917 a prime number?
True
Is 137027641 prime?
True
Is 68096011 a composite number?
False
Is 76832363 composite?
False
Is 7254883 prime?
False
Is 1659199 a prime number?
False
Is 6994103 composite?
False
Is 2579323 composite?
False
Is 14634259 a composite number?
True
Is 18388559 prime?
False
Is 89783013 prime?
False
Is 387627365 a composite number?
True
Is 55323617 a composite number?
False
Is 14750521 composite?
True
Is 12090997 a composite number?
False
Is 2109203 a composite number?
False
Is 19